w. Let m = -231 - w. Is m prime?
False
Let k(g) = g**2 + 46 - 4*g - 43 + 4*g**2 + 184*g**3 - 42*g**3. Let o be k(3). Suppose -9754 = -4*t - o. Is t prime?
True
Suppose 4*f - 28469 = -0*f - n, 2*n - 35590 = -5*f. Let v = f - -2252. Suppose 0 = t + 2*t - u - 7021, -3*u - v = -4*t. Is t composite?
False
Let j(v) = -3*v**3 + 4*v**2 - 4*v - 5. Let z be j(-4). Is (z/(-15))/((-21)/1785) prime?
False
Let z(m) = -6*m - 85. Let r be z(-15). Suppose -j = -3*v + 7734, r*j - 5054 = -3*v + 2698. Is v a composite number?
False
Let b(l) = 3*l**2 + 5*l + 8. Let h be b(-2). Suppose 12*y - 2*g = h*y + 422, -2*g = -4*y + 844. Is y composite?
False
Let v = 73 + -73. Suppose v = -24*l - 518633 + 1439777. Is l composite?
True
Let l be -5 + 19 + -2 + -2 + 2. Is l*4/16 + 66 a prime number?
False
Let l = 12889 - 4963. Suppose 9*f - 3*f - l = 0. Suppose -2*h - 5*x + 884 = 0, -2*h - f = -5*h - 5*x. Is h a prime number?
False
Let o = 48 + -46. Suppose 0 = -o*r - 2*w - 164, 5*r - 3*w = -0*w - 370. Is (0 + -1 - r)/(21 - 19) composite?
True
Suppose 5*x + 13 = 138. Let h(n) = -n**2 + 21*n + 50. Let i be h(x). Is (-6 + 1)*1270/i prime?
True
Suppose -5*v - 2*t + 913741 = 0, 4*v + 1461979 = 12*v + t. Is v prime?
True
Suppose -544 = 6*d + 578. Is (-4 + 3 + 0)*d prime?
False
Suppose 0 = 2*t + 2*j - 4, -19*j = -20*j - 3. Suppose -t*h = 3*d - 2599, -3*h = -4*d - 0*d - 1571. Is h prime?
True
Let b(l) = -333*l**3 + 1 - 234*l**2 + 114*l**2 + 118*l**2. Let m be b(-1). Suppose 5*p - 1363 = m. Is p a composite number?
True
Let g = -1389 + 2891. Let u = g - 351. Is u prime?
True
Is (2447665/44)/(80/64) prime?
False
Let s(t) = 5*t**3 - t**2 - 5*t + 5. Suppose -4*o - d = 1, -1 = -o - d + 2*d. Suppose o = -4*a - 3*u + 1, 0*u + 40 = 5*a - 4*u. Is s(a) prime?
False
Let y = -668953 + 1076774. Is y a composite number?
False
Suppose -h - 548*d + 397807 = -545*d, 4*h + 4*d = 1591212. Is h composite?
True
Let t(c) = 8 - 4 - 26*c**2 - 27*c**2 + 27 + 10*c. Let x be t(-6). Let j = 3760 + x. Is j prime?
True
Is 24568 - 3 - (-24)/(0 - -4) prime?
True
Let b = 216 + -214. Suppose 10159 = -0*t + t - 2*q, -b*t + q + 20315 = 0. Is t a composite number?
True
Let x be 2 + (3 + -1 - 3). Suppose -2*c + 3 = -x. Suppose -5535 = -3*t - c*y, -7400 = -4*t + y + 3*y. Is t prime?
True
Let w be ((-19666)/5)/((-10)/25). Suppose -13*g + w = -35576. Is g composite?
True
Let z be ((-18)/(-5))/(7/(-5) - -1). Is (-1655)/(-4 - (-1)/((-3)/z)) a composite number?
True
Is 795/(-1060)*(-208504)/6 composite?
True
Let o(f) be the second derivative of 2*f**3/3 - 9*f**2/2 + 160*f. Is o(7) composite?
False
Let y(w) = 984*w - 397. Is y(36) prime?
True
Suppose -9*f + 44 - 8 = 0. Suppose 2*i - 3*h = 4985, 0*h + f*h - 7469 = -3*i. Is i a prime number?
False
Suppose 82*v - 70*v = 3360. Suppose 267*b - v*b + 15769 = 0. Is b a prime number?
True
Let c(l) = -7*l + 307 + 652 - 12*l + 21*l. Is c(0) a prime number?
False
Suppose -22 = 5*k - 52. Let a be 164/k*435/2. Suppose -a = -5*g - 510. Is g prime?
True
Suppose 0 = 2*s + 2*t - 88898, -31*s - 5*t = -28*s - 133347. Is s composite?
False
Let k be (18/(-10) - -1)*10. Let s = 56 + -60. Is 495 + s/k*6 + -1 a composite number?
True
Suppose 2*j = -8*j + 12780. Suppose -2*i = -f + 5*f - j, -2*i = -4*f - 1262. Is i prime?
False
Suppose -5*u = 39*q - 36*q - 2203, 3 = 3*q. Suppose -2*g = -5*s - 609, -2*s - 603 = 3*s - 4*g. Let o = u + s. Is o a composite number?
False
Let m = 13827 + -5308. Suppose m + 11991 = 14*r. Is r a composite number?
True
Let q = 277 + 1120. Is q a composite number?
True
Let b(y) = 210*y + 303. Let g(h) = 70*h + 101. Let k(m) = -3*b(m) + 8*g(m). Is k(-13) composite?
False
Suppose -4*r + 3*r + 23 = 0. Suppose 17 = 5*b - r. Suppose 3*w + 5 = b*w, 506 = 4*v - 2*w. Is v a composite number?
False
Let f be (4/(-16) + 51/(-4))*-1. Let i = 191 - f. Is i prime?
False
Let v(i) = -48*i + 51. Let m be v(11). Suppose t = 4*t + 2337. Let b = m - t. Is b prime?
False
Suppose 0 = -5*p + 3*h + 6435, 2*p - 550 = -h + 2035. Let n = 881 + p. Is n prime?
False
Let w(u) = 665*u**2 - 210*u + 33. Is w(-10) a prime number?
True
Suppose -v + 3*o - 1 = -7, 5*o - 15 = 0. Suppose 3*h = 8*h - v. Suppose h*m = m + 5*p + 667, -p + 1600 = 5*m. Is m composite?
True
Let i = 40 + -39. Let o be i/(3 + 20/(-8)). Suppose -1643 = -o*z + 1359. Is z composite?
True
Suppose -2*u + 7*u - 6*a - 13541407 = 0, -5*u + 2*a + 13541419 = 0. Is u composite?
True
Is (-28)/(-4) + (233540 - 1*-1*2) prime?
True
Suppose 14*g = 16*g + 3*m - 245516, -3*g + 368274 = m. Is g composite?
True
Suppose -3*r + 12068 = -5*i, 10*i = 2*r + 5*i - 8052. Is (-1)/((-1020)/r - (-2)/8) a composite number?
False
Suppose 55*l = 25474 - 3178 + 89. Suppose 0 = g - 4*s + 160, -s = 5*g - 2*s + 857. Let y = g + l. Is y prime?
False
Let j be (2/(-6))/(2 - 28/12). Is 25046 - j/6*6 a composite number?
True
Let k(g) = -g**2 - 23*g - 27. Let z be k(-21). Let i(x) be the first derivative of x**2/2 + 4*x + 2. Is i(z) composite?
False
Let q = 16618 - -53328. Suppose 191007 + q = 11*s. Is s a composite number?
True
Let q be (-28)/(-3) - (-3 - (-26)/6). Suppose -q*y + 42664 = -0*y. Is y a composite number?
False
Suppose -2669881 = -4*s - r, 2159817 = 4*s + 3*r - 510074. Is s a prime number?
False
Let b(z) = -2*z**3 + 9*z**2 + 9*z - 10. Let y be b(5). Suppose -y = -2*t - 3*t. Is t/11 + 6/(132/80230) composite?
True
Is (-229204362)/(-344)*4/3 composite?
False
Suppose -3*r = -3*k - 721314, 3*r = 454*k - 452*k + 721309. Is r a prime number?
True
Let y = -196465 + 438054. Is y composite?
False
Suppose 0 = 2*q - 4*k - 10956, -k + 4*k = 2*q - 10961. Let a = -3000 - -235. Let c = q + a. Is c a prime number?
False
Is 2/9 - (-994313)/153 composite?
True
Suppose 144*u - 77*u - 3064781 = 0. Is u a composite number?
True
Let f be 467943/126*2*-3. Let k = 48604 + f. Is k prime?
True
Is 156874/4*(77 + -63) composite?
True
Let j(n) = -20270*n**3 - 14*n**2 + 9*n + 64. Is j(-3) composite?
True
Suppose 2*r = 7*r - m - 15, 3*r + 4*m - 9 = 0. Suppose 4*z - 54 = 2*z + r*l, -2*z + 50 = -l. Is (-6)/(-4)*1360/z a prime number?
False
Let r(n) = 63*n - 976. Is r(125) a prime number?
True
Let c(v) = -v**3 - 2*v**2 + 2*v. Let q be c(-3). Let l be (2 + 1)*1475/q. Suppose -p = 2*g - l, 2*g + 2180 - 693 = p. Is p prime?
True
Is (-14 - -17) + (5/2)/(6/95688) composite?
True
Let m(d) be the second derivative of 280*d**3/3 + 16*d**2 + 27*d. Let o be m(3). Is o + (-3 + 4 - 2) prime?
False
Is 105672 - -23*(-11 - -10) prime?
True
Let c be ((-288)/(-56))/(0 + (-1)/(-7)). Suppose 0 = 3*q + 123 - c. Let n = q + 124. Is n composite?
True
Let v = -95 + 97. Let a be ((-34856)/48)/(v/(-12)). Suppose -4*w + 5*f = -a - 4927, f = 0. Is w a prime number?
False
Let m = 53987 + -14166. Is m a prime number?
True
Suppose 0 = -46*s + 41*s + 175. Is 5*1*(38339/s + 6) a composite number?
False
Suppose -26 = -4*k + 10. Let w(f) = 47*f - 26. Is w(k) composite?
False
Is 2/(-4) - (-22376)/16*(-5 - -412) a composite number?
False
Let q(t) = 121*t**2 - 15*t + 47. Let r = -717 - -721. Is q(r) a composite number?
True
Is 1/(-4 - -6 - (-38367)/(-19187)) composite?
False
Let t be 3/(4298/19422 + 6/(-27)). Let q = -7045 - t. Let v = 7125 + q. Is v prime?
False
Let d(g) = 11*g**2 - 6*g - 189. Let t be d(-27). Let z = -2323 + t. Is z a prime number?
True
Let h(z) = 131034*z - 2091. Is h(3) composite?
True
Let d be (-16)/(-12) + -1 - (-10364)/(-6). Let q = 5216 + d. Is q prime?
False
Suppose 5*m - 1316 = -3*n + 10*m, 2*n - 3*m = 878. Let g = n - -919. Let r = g - 874. Is r composite?
False
Let g = 19002 + 4847. Is g prime?
False
Let j(s) = 3*s - 6. Let o be j(-18). Let g = o - -55. Is ((-5)/(g/771))/1 a composite number?
True
Suppose -4*f = 5*z + 31121, 3*f - 4*f + 5*z = 7749. Let i = f - 19456. Is i/(-20) + (-2)/4 a composite number?
False
Let y = 202091 - 91042. Is y a composite number?
False
Let i(h) = h + 7. Let k be i(-5). Suppose 5 = -5*n, -k*y - 5*n = -0*y + 29. Let o(d) = 7*d**2 + 12*d + 25. Is o(y) prime?
False
Let x = -163005 - -395308. Is x composite?
False
Suppose 8*d + 516 = 36. Let l = 595 - d. Is l a composite number?
True
Let i = -66 - -788. Suppose -4*z + 3358 - i = 0. Is z a composite number?
False
Let k(v) = 36 - 84 + 34 - 16*v + 5*v**2 - 6*v**2. Is k(-13) composite?
True
Let v(w) = -w**2 + 4*w + 2. Let s be v(5). Le